t is the thousands digit of 77547775?
7
What is the thousands digit of 838353061?
3
What is the hundred thousands digit of 352469024?
4
What is the millions digit of 252915598?
2
What is the ten millions digit of 793420316?
9
What is the ten thousands digit of 8073995?
7
What is the hundreds digit of 2419004617?
6
What is the tens digit of 470203268?
6
What is the units digit of 278848148?
8
What is the thousands digit of 556587402?
7
What is the hundreds digit of 1670741378?
3
What is the ten thousands digit of 646834838?
3
What is the millions digit of 533427575?
3
What is the ten millions digit of 400980758?
0
What is the thousands digit of 546508719?
8
What is the hundred thousands digit of 6067904524?
9
What is the thousands digit of 617879193?
9
What is the units digit of 626381295?
5
What is the tens digit of 32982232?
3
What is the billions digit of 3522671720?
3
What is the millions digit of 29461818?
9
What is the ten thousands digit of 4649621025?
2
What is the units digit of 6054019843?
3
What is the tens digit of 11016551?
5
What is the units digit of 596624186?
6
What is the hundred thousands digit of 14860508?
8
What is the thousands digit of 574243949?
3
What is the hundred thousands digit of 213191031?
1
What is the tens digit of 1842411195?
9
What is the hundreds digit of 597316533?
5
What is the units digit of 475910656?
6
What is the thousands digit of 126933669?
3
What is the millions digit of 41777544?
1
What is the hundred millions digit of 309634500?
3
What is the hundred thousands digit of 782305433?
3
What is the hundred thousands digit of 76604513?
6
What is the hundred thousands digit of 287579305?
5
What is the tens digit of 2381642318?
1
What is the tens digit of 5686093?
9
What is the hundreds digit of 138247132?
1
What is the hundred millions digit of 2788370954?
7
What is the hundred thousands digit of 143646348?
6
What is the hundred thousands digit of 268128978?
1
What is the ten millions digit of 74158510?
7
What is the thousands digit of 4837927263?
7
What is the millions digit of 800495561?
0
What is the units digit of 260007748?
8
What is the hundred thousands digit of 1785269041?
2
What is the millions digit of 46957416?
6
What is the hundred thousands digit of 286969373?
9
What is the tens digit of 3747857244?
4
What is the units digit of 1019766627?
7
What is the hundred thousands digit of 1413251990?
2
What is the units digit of 524956176?
6
What is the hundred thousands digit of 1208064414?
0
What is the units digit of 2330317?
7
What is the tens digit of 1994087524?
2
What is the hundreds digit of 587368803?
8
What is the thousands digit of 111295713?
5
What is the ten millions digit of 2569701932?
6
What is the units digit of 33931285?
5
What is the millions digit of 268515219?
8
What is the ten millions digit of 54501701?
5
What is the ten millions digit of 36393118?
3
What is the hundred millions digit of 148769463?
1
What is the billions digit of 2087992905?
2
What is the hundreds digit of 158889186?
1
What is the tens digit of 186330637?
3
What is the tens digit of 104789442?
4
What is the hundreds digit of 577373631?
6
What is the hundred thousands digit of 75678988?
6
What is the ten thousands digit of 359158298?
5
What is the tens digit of 55517482?
8
What is the tens digit of 14518033?
3
What is the tens digit of 8948362?
6
What is the billions digit of 2669472685?
2
What is the ten thousands digit of 176956419?
5
What is the ten thousands digit of 393016258?
1
What is the tens digit of 41781070?
7
What is the hundred thousands digit of 39870916?
8
What is the thousands digit of 5268973153?
3
What is the units digit of 1412552740?
0
What is the hundreds digit of 15612787?
7
What is the tens digit of 559208564?
6
What is the ten thousands digit of 4392553?
9
What is the millions digit of 1965565695?
5
What is the hundreds digit of 234720246?
2
What is the tens digit of 725641217?
1
What is the hundred thousands digit of 1450354532?
3
What is the ten thousands digit of 85127364?
2
What is the units digit of 1076709938?
8
What is the thousands digit of 126449986?
9
What is the hundred millions digit of 128760198?
1
What is the ten thousands digit of 1574303800?
0
What is the tens digit of 52613922?
2
What is the ten thousands digit of 39577476?
7
What is the ten thousands digit of 337507978?
0
What is the hundred thousands digit of 193869161?
8
What is the millions digit of 279755947?
9
What is the ten thousands digit of 6260247354?
4
What is the ten thousands digit of 86339496?
3
What is the hundred millions digit of 290165876?
2
What is the thousands digit of 891560139?
0
What is the thousands digit of 55087845?
7
What is the tens digit of 1265957554?
5
What is the hundred thousands digit of 14710794?
7
What is the hundred thousands digit of 214169680?
1
What is the millions digit of 24909035?
4
What is the tens digit of 30761151?
5
What is the units digit of 221517965?
5
What is the hundreds digit of 346823898?
8
What is the tens digit of 11422673?
7
What is the ten millions digit of 2019009580?
1
What is the hundreds digit of 181459510?
5
What is the hundred millions digit of 894399690?
8
What is the millions digit of 32705744?
2
What is the thousands digit of 552300049?
0
What is the ten millions digit of 2017285880?
1
What is the units digit of 34371831?
1
What is the thousands digit of 778242946?
2
What is the hundreds digit of 329308546?
5
What is the units digit of 2181353702?
2
What is the ten millions digit of 455616535?
5
What is the thousands digit of 1033943019?
3
What is the ten millions digit of 680066566?
8
What is the units digit of 1834350873?
3
What is the millions digit of 49832527?
9
What is the millions digit of 21534679?
1
What is the hundreds digit of 156610545?
5
What is the hundreds digit of 1798448263?
2
What is the hundreds digit of 139457261?
2
What is the ten millions digit of 233055217?
3
What is the ten millions digit of 399932285?
9
What is the hundred thousands digit of 765809850?
8
What is the billions digit of 2591878667?
2
What is the hundreds digit of 31794284?
2
What is the hundreds digit of 76938362?
3
What is the billions digit of 1827964840?
1
What is the units digit of 221336042?
2
What is the ten thousands digit of 1017121885?
2
What is the ten millions digit of 246682082?
4
What is the units digit of 2988984196?
6
What is the units digit of 342500219?
9
What is the ten thousands digit of 27577686?
7
What is the hundreds digit of 62431988?
9
What is the ten millions digit of 96036152?
9
What is the tens digit of 317065099?
9
What is the ten thousands digit of 157835548?
3
What is the hundred thousands digit of 220521828?
5
What is the ten millions digit of 255428944?
5
What is the hundred millions digit of 319364296?
3
What is the ten millions digit of 853292163?
5
What is the ten thousands digit of 7084890939?
9
What is the tens digit of 29859917?
1
What is the millions digit of 497214909?
7
What is the tens digit of 2020482748?
4
What is the hundreds digit of 14923663?
6
What is the thousands digit of 23533557?
3
What is the hundred thousands digit of 454434043?
4
What is the hundred millions digit of 504361152?
5
What is the tens digit of 255322244?
4
What is the tens digit of 376955516?
1
What is the billions digit of 1234154601?
1
What is the hundred thousands digit of 863941083?
9
What is the hundreds digit of 21109928?
9
What is the millions digit of 24942367?
4
What is the hundreds digit of 57239413?
4
What is the ten millions digit of 254501011?
5
What is the tens digit of 2924253698?
9
What is the hundreds digit of 4186033051?
0
What is the units digit of 93235808?
8
What is the millions digit of 6465360422?
5
What is the ten millions digit of 100402899?
0
What is the millions digit of 1527671?
1
What is the millions digit of 185507862?
5
What is the hundreds digit of 58798408?
4
What is the ten millions digit of 11960995?
1
What is the hundred thousands digit of 5523751863?
7
What is the tens digit of 2682710695?
9
What is the tens digit of 156776602?
0
What is the ten thousands digit of 3371874700?
7
What is the thousands digit of 102787430?
7
What is the thousands digit of 121363632?
3
What is the ten millions digit of 20053286?
2
